vided by s.
28
Let g(k) = k**2 + 253*k - 2177. Calculate the remainder when 548 is divided by g(9).
5
Suppose 985*p - 748 = 981*p. Calculate the remainder when 2428 is divided by p.
184
Suppose 4*z + 0*g - 4*g = -660, -2*z + 4*g = 326. Let x = 178 + z. Suppose 40 = 3*p - p. What is the remainder when p is divided by x?
9
Suppose 2*b + 2*z = -2*b, 2*z - 8 = 0. Suppose -3746 = -287*t + 7447. Calculate the remainder when t is divided by (4 - -4) + (0 - b).
9
Suppose -4*g = -w + 49, w - 6 = -5*g + 25. Calculate the remainder when 383 is divided by w.
14
Suppose 0 = -4*i - 47 - 621. Let w = 184 + i. Calculate the remainder when w is divided by 4.
1
Let w = -3616 + 4964. What is the remainder when w is divided by 30?
28
Let x be (-11 + 9)/((2/(-5))/1). Suppose x*j - 265 = 5*u, -j + u + 47 = -2*u. Calculate the remainder when 222 is divided by j.
54
Let d = -5530 - -5535. Let t be 6/(-15) - (-4)/10. Suppose d*p + b - 85 = t, b = -3*p - 4*b + 73. Calculate the remainder when 223 is divided by p.
15
Let s(t) = 327*t**2 - 17*t + 91. Calculate the remainder when s(5) is divided by 11.
8
Suppose 2999 = -5*k + 12*k + 1004. Calculate the remainder when k is divided by 36.
33
Suppose 751 = -7*y + 779 + 1309. What is the remainder when y is divided by 33?
26
Calculate the remainder when 14623 is divided by (188/(-12) + -1)*(-231)/154.
23
Let w(b) = -3*b + 283. Calculate the remainder when 293 is divided by w(0).
10
Let r(j) = -j**3 + 13*j**2 + 12*j + 34. Let v be r(14). Suppose 0 = 3*p + v, u + 441 = 2*u + 4*p. What is the remainder when u is divided by 50?
49
Let x = 24731 + -14655. What is the remainder when x is divided by 24?
20
Let y(p) = p**3 - 13*p**2 - p + 12. Let g be y(13). Let s be (g/(-3))/((-3)/36). Let a = 17 - s. Calculate the remainder when a is divided by 8.
5
Let p(a) = a**3 - 6*a**2 + 2*a + 7. What is the remainder when 10593/117 - (-12)/26 is divided by p(6)?
15
Suppose -5*y - 2*w + 3*w = -765, w + 149 = y. Suppose -y = -7*f + 224. Calculate the remainder when 108 is divided by f.
0
Suppose -2719*l = -2676*l - 731. Calculate the remainder when 2575 is divided by l.
8
Let g(n) = n**2 + 5*n - 4. Suppose 4*h + 10 = 5*h. Suppose h + 15 = 5*w. What is the remainder when g(w) is divided by 12?
10
Suppose 8*b - 129 + 9 = 0. Let s be -4*b/6*4*1. Let a = 53 - s. Calculate the remainder when a is divided by 33.
27
Suppose -24*t + 12 = -20*t. Suppose 298 = 3*h - b, h + 2*b = -t*h + 404. Suppose -h = -10*n + 30. Calculate the remainder when 38 is divided by n.
12
Suppose 1736*a - 1756*a = -2560. Calculate the remainder when 676 is divided by a.
36
Let b = 266 + -187. Calculate the remainder when b is divided by (-8)/(-18) + (-80)/18*(-14)/4.
15
Let h = 24000 + -13608. Calculate the remainder when h is divided by 99.
96
Let r = -883 - -1269. Suppose r = 3*z - 5*l, 4*z = -2*l + 548 + 10. What is the remainder when z is divided by 35?
32
Suppose 9*v + 11 = 10*v + 5*t, -8 = -2*v + 4*t. Suppose -5*y - w = -v*w - 430, 3*y = w + 262. Calculate the remainder when y is divided by 30.
28
Suppose i = 3*a + 1011, 355*a + 5 = 354*a. What is the remainder when i is divided by 27?
24
Suppose 158*c = 15*c + 5005. Calculate the remainder when 507 is divided by c.
17
Suppose -7 = -3*r - 4. What is the remainder when (-1 - r)*(-11)/44*346 is divided by 7?
5
Let x(i) = 723*i**3 + 51*i - 106. Calculate the remainder when x(2) is divided by 98.
96
Let n = 273 - 38. Suppose n = -u + 6*u. Let f(x) = x**3 + 9*x**2 - 5*x - 12. Calculate the remainder when f(-8) is divided by u.
45
Suppose -9 = -4*p + 31. Let y be (-105)/(-4)*((-2 - 1) + -1). Let k = y + 132. What is the remainder when k is divided by p?
7
Suppose 1264 = 41*t - 622. What is the remainder when 78 is divided by t?
32
Let x(h) = h**3 - 18*h**2 + 9*h + 24. Let b be x(18). Let a = -125 - -221. Suppose l - b - a = 0. What is the remainder when l is divided by 57?
54
Suppose -3*l + 193 + 78 = -z, -l - 2*z + 88 = 0. Suppose -l = 17*g - 26*g. What is the remainder when 59 is divided by g?
9
Let z(n) = 914*n - 4083. Calculate the remainder when 1471 is divided by z(5).
10
Let v(k) = 127*k**3 + 3 - 3*k**2 - k - 1 - 159*k**3 - 1. Let g be v(-2). Let b = 388 - g. What is the remainder when b is divided by 11?
9
Let s(u) = 7*u - 36. Let n be s(6). Suppose -n*m = -m + 5*z - 5, -4*m + 4*z + 44 = 0. Calculate the remainder when 10 is divided by m.
4
Suppose 2*p - 5*r + 77 = 6*p, -2*p - 5*r = -31. Let m(q) = -6*q + 3. Let g be m(-2). What is the remainder when 6/((-18)/g)*-13 is divided by p?
19
Let v = -294 + 296. Calculate the remainder when (19900/(-90))/(-10) - v/18 is divided by 8.
6
Let z(c) = 8*c + 165. Let h = -8 - -65. Calculate the remainder when h is divided by z(-17).
28
What is the remainder when 316 is divided by -4*(250/(-40) + 1 + 3/(-6))?
17
Let k be 6 + -9 + -3 + 7. What is the remainder when 133 is divided by 2226/53 + (-5)/k?
22
Calculate the remainder when (6406/(-9) + 4/(-18))/(-2) - -4 is divided by 94.
78
Let v(m) = -m**2 - 29*m - 9. Suppose 4*b = 39*p - 34*p + 129, 0 = -4*b + 4*p + 132. What is the remainder when v(-26) is divided by b?
33
Let g = 31071 + -30930. Calculate the remainder when 164 is divided by g.
23
Let m be 3 + 3/9*-3. Suppose m*x = 4*p + p - 52, 2*p = 3*x + 56. What is the remainder when (x/6)/(2/(-39)) is divided by 6?
4
Let q = -86 - -160. Suppose -3*h + 8 = -3*x + 4*x, 3*h - 28 = -5*x. Calculate the remainder when q is divided by h/(-5*2/(-150)).
14
Let p be -5 - 2*(-24)/4. Suppose 0 = p*l + 15*l - 308. Calculate the remainder when (4/(-10))/((-2)/100) is divided by l.
6
Let m(g) be the first derivative of -26*g**3/3 - 3*g**2/2 - g - 34. Let b be m(3). Calculate the remainder when -1 + -1 + (-6)/24*b is divided by 16.
11
Let k(i) = -430*i - 537. Calculate the remainder when k(-4) is divided by 16.
15
Suppose 2*z - 100 + 4 = -4*z. Suppose -55 = -4*g - 3*q, 0*g = 2*g - 3*q - 5. Calculate the remainder when z is divided by g.
6
Suppose 6*p = -11 + 41. Let f(h) = -4*h + 28. Let m be f(p). Let u(g) = 9*g - 23. Calculate the remainder when 144 is divided by u(m).
46
Suppose 0 = -2*v - c - 3*c + 268, 3*c = 2*v - 254. Calculate the remainder when v is divided by ((-2)/((-12)/14))/((-9)/(-135)).
25
Suppose 7*q + 28 = 2*q + 3*a, -5*a - 12 = -q. Suppose -17*x = -13*x + 8. What is the remainder when q/(-8) + 54/(-4)*x is divided by 17?
11
Suppose y + 698 = 3*y. What is the remainder when y is divided by ((-890)/(-70) + -14)*(-182)/6?
37
Calculate the remainder when 2187 is divided by (6526/286 - 4) + 2/(-22)*-2.
2
What is the remainder when 208/(-260)*(-12195)/6 is divided by 44?
42
Let t(q) = -2*q**2 + 58*q + 1. What is the remainder when 309 is divided by t(3)?
152
Let l = -177 + 178. Calculate the remainder when 246 is divided by -4 + 6 + l + 16.
18
Let y be -6 - (-7 + 92 - -5). Calculate the remainder when (-75)/(-90) + 4/(y/(-1660)) is divided by (5 + 0)/((-1)/(-3)).
10
Let a(h) = 7*h**2 + 2*h + 3. Let g be a(-1). Let k(t) = 28*t - g*t - 1 - 7*t - 12*t. Calculate the remainder when k(6) is divided by 4.
1
Let b(d) = -d**2 - 13*d + 67. Suppose 5*h = 5*t + 100, 5*t + 4*h = 7*h - 92. What is the remainder when 131 is divided by b(t)?
17
Suppose -945 + 320 = 222*q + 4703. Let d(a) = -a**2 - 6*a - 5. Let x be d(-4). What is the remainder when 53 is divided by q/8 + 1*x + 16?
5
Let s be 51 - (15 - 23 - 0). Let i be 4/6 + 48/9. Calculate the remainder when s - (5 - (i - 3)) is divided by 31.
26
Let y(s) = s**2 + 74*s - 428. Calculate the remainder when 303 is divided by y(-80).
43
Suppose -3*x - 525 = 2*g, -2*x - 830 = 3*g - 6*x. What is the remainder when (0 - 228/(-15))/((-6)/g) is divided by 49?
47
Suppose 306 + 39 = 16*k + 25. Suppose -5 = z - 13. What is the remainder when k is divided by (-217)/(-28) + (-6)/z?
6
Let g = -754 + 759. Suppose 0 = 6*x - 7*x - l + 353, g*l + 20 = 0. What is the remainder when x is divided by 92?
81
Suppose 4*s = 8, -3*s - 7 = -0*i - i. Suppose -3*b - 33 = 4*r, -3 = -r + 8*b - 5*b. What is the remainder when (r/(-12))/(2/144) is divided by i?
10
Let w = 66 - 39. Let o be -5 - (1 + 6 - 11). Calculate the remainder when w is divided by 400/48 - o/(-3).
3
What is the remainder when (-3745)/(-14) - 21/(-6) is divided by 99 - 1 - (63 + -57)?
87
Let t be (2 + -1)/(